. Calculate t(5).
9
Let o(p) = p. What is o(4)?
4
Let i(r) = -r**3 - 7*r**2 + 7*r + 6. Give i(-4).
-70
Let l(w) = -3*w**2 - 15. Give l(4).
-63
Let w(s) = -8*s**2 + 73*s - 9. What is w(9)?
0
Let h(s) = -3*s**3 + 13*s**2 + 12*s - 4. Give h(5).
6
Let k(i) = i**2 - 15*i - 70. What is k(-4)?
6
Let c(a) = -a**2 + a - 2. Determine c(4).
-14
Let v(c) = 29*c - 162. Give v(6).
12
Let d(x) = -18*x**3 - x**2 + 2*x - 2. What is d(1)?
-19
Let n(g) = g**3 + 3*g**2 - 6*g - 5. What is n(-5)?
-25
Let r(z) = -4*z - 16. Calculate r(-4).
0
Let a(u) = u**3 + 11*u**2 - 10*u + 12. Calculate a(-12).
-12
Let m(j) = 3*j**2 - 5*j - 19. Give m(-5).
81
Let m(v) = 43*v**2 - 988*v - 18. Calculate m(23).
5
Let r(y) = 7*y + 8. Determine r(-4).
-20
Let l(h) = -12*h**2 + h. Determine l(-1).
-13
Let w(d) = -d**3 - 8*d**2 - 5*d - 10. Determine w(-5).
-60
Let i(l) = l**2 - 10*l + 11. Calculate i(2).
-5
Let w(g) = -g**2 - 12*g + 1. Determine w(-9).
28
Let s(v) = 15*v + 5. Give s(-8).
-115
Let z(c) = -5*c**2 + 2*c + 1. Give z(-1).
-6
Let o(l) = 4*l + 56. Calculate o(6).
80
Let w(z) = -3*z**3 - 5*z**2 - 4*z + 1. Determine w(-2).
13
Let p(w) = -10*w - 88. Determine p(-9).
2
Let p(x) = -17*x + 73. Calculate p(6).
-29
Let i(t) = -t**3 - 10*t**2 + 12. Determine i(-10).
12
Let i(a) = -a**3 + 27*a**2 - 4*a + 109. Calculate i(27).
1
Let y(f) = -f - 31. Give y(-4).
-27
Let p(n) = n**3 + 11*n**2 + 36*n + 33. Calculate p(-6).
-3
Let o(s) = 3*s**3 - s**2 - s - 2. Calculate o(-2).
-28
Let z(k) = -2*k - 22. Determine z(-7).
-8
Let c(p) = 8*p - 54. Calculate c(0).
-54
Let n(y) = 2*y**2 + 29*y + 90. Calculate n(-6).
-12
Let h(g) = 9*g - 23. What is h(2)?
-5
Let f(y) = -2*y**2 + 21*y + 31. Calculate f(12).
-5
Let w(d) = 2*d + 11. What is w(9)?
29
Let x(q) = -q**3 + 12*q**2 - 13*q + 7. Determine x(11).
-15
Let i(l) = l**3 - 7*l**2 - 23*l + 6. What is i(10)?
76
Let q(v) = v**2 - 3*v + 1. Give q(2).
-1
Let k(d) = -5*d + 47. Determine k(8).
7
Let m(l) = l**2 - l - 1. Give m(-2).
5
Let n(z) = z**2 - 10. What is n(6)?
26
Let x(u) = -u**2 - 13*u - 8. Determine x(-11).
14
Let o(x) = -x**3 - 10*x**2 + 17*x + 15. What is o(-11)?
-51
Let l(b) = 6*b**3 - 2*b - 1. Give l(-1).
-5
Let a(s) = s**2 + 20*s + 59. What is a(-17)?
8
Let f(p) = p**2 - 26*p + 118. What is f(20)?
-2
Let i(x) = -2*x - 23. Determine i(-16).
9
Let y(j) = j**2 + 7*j - 21. Calculate y(0).
-21
Let a(s) = -3*s + 1. What is a(-5)?
16
Let s(d) = -d**2 - 47*d + 154. Give s(3).
4
Let o(w) = -50*w + 345. What is o(7)?
-5
Let p(z) = 2*z + 24. Give p(-16).
-8
Let q(x) = 6*x + 35. Give q(-6).
-1
Let o(v) = 35*v - 171. Give o(5).
4
Let y(q) = -q**3 - 4*q**2 + 6*q + 13. Calculate y(-2).
-7
Let k(t) = 5*t - 57. Give k(12).
3
Let c(n) = 3*n + 7. Determine c(6).
25
Let v(l) = l**3 + 3*l**2 - 4*l. Determine v(-2).
12
Let x(b) = -b + 4. Calculate x(1).
3
Let u(v) = v + 3. Determine u(-22).
-19
Let k(y) = -y**3 + 4*y**2 - 2*y + 5. Determine k(5).
-30
Let m(l) = -l**2 - 13*l - 10. Give m(-12).
2
Let u(x) = x**3 - x**2 - 21*x - 5. Determine u(5).
-10
Let v(f) = f**3 + 30*f**2 + 2. Give v(-30).
2
Let l(u) = u**3 + 8*u**2 + 10*u + 2. Calculate l(-6).
14
Let k(j) = -j**3 - 22*j**2 + 26*j + 50. Determine k(-23).
-19
Let t(c) = -c**2 + 11*c + 15. What is t(12)?
3
Let r(d) = -d**2 - 20*d - 84. What is r(-5)?
-9
Let b(n) = n**2 + 2*n + 15. Give b(-7).
50
Let f(t) = t**3 + 10*t**2 + 6*t + 1. What is f(-5)?
96
Let y(s) = 2*s - 1. What is y(-9)?
-19
Let f(u) = -u**2 - 4*u - 9. Calculate f(-4).
-9
Let u(o) = -4*o**2 + 4*o - 7. Determine u(-4).
-87
Let l(c) = c**3 - 2*c**2 - 4*c + 1. Determine l(3).
-2
Let n(t) = -105*t**3 + t**2 + 3*t + 2. What is n(-1)?
105
Let y(a) = -2*a + 3. Calculate y(-6).
15
Let k(p) = 4*p**2 + 13*p + 39. What is k(-6)?
105
Let p(z) = -16*z + 320. What is p(20)?
0
Let w(i) = -i**3 + 5*i**2 - 2*i + 1. Calculate w(5).
-9
Let t(i) = -5*i + 5. Give t(-7).
40
Let b(m) = m**3 + 15*m**2 + 19*m + 29. Give b(-14).
-41
Let o(a) = -14*a + 63. Calculate o(4).
7
Let k(b) = b**3 + 8*b**2 + b - 8. Give k(-6).
58
Let i(c) = c**2 + 12*c + 30. Give i(-11).
19
Let w(p) = p - 16. Determine w(23).
7
Let i(x) = -x**2 + 7*x + 6. Determine i(8).
-2
Let y(w) = w + 3. Give y(-5).
-2
Let t(n) = -n**2 - 20*n - 21. Determine t(-14).
63
Let x(n) = 20*n**2 - n + 2. Calculate x(1).
21
Let v(n) = -n - 5. What is v(-10)?
5
Let s(z) = -4*z + 9. Determine s(3).
-3
Let q(c) = -220*c - 437. Give q(-2).
3
Let o(w) = -15*w + 74. Determine o(5).
-1
Let k(r) = -43*r - 11. Give k(-4).
161
Let k(a) = a**2 - 23*a + 33. Give k(19).
-43
Let j(g) = g**2 - 13*g + 13. What is j(11)?
-9
Let w(y) = -y**3 - y**2 - 4*y - 21. Determine w(-3).
9
Let t(g) = g**2 - 10*g + 9. What is t(11)?
20
Let f(w) = w**3 + 29*w**2 + 30*w + 17. Calculate f(-28).
-39
Let d(q) = -q**3 + 14*q**2 - 13*q + 14. Calculate d(13).
14
Let k(s) = s**3 + 6*s**2 - 5*s - 8. What is k(-6)?
22
Let k(q) = q**2 - 9*q - 13. Determine k(11).
9
Let h(f) = f**3 + 10*f**2 + 6*f - 14. Give h(-9).
13
Let l(p) = p**2 - 12*p + 5. Determine l(11).
-6
Let h(p) = p - 53. Calculate h(12).
-41
Let g(c) = -c**2 + 4*c + 7. Determine g(7).
-14
Let z(x) = 2*x**3 + 17*x**2 - 9*x - 9. Determine z(-9).
-9
Let i(f) = f**2 - 4*f + 1. Calculate i(7).
22
Let a(n) = 3*n - 5. Calculate a(-2).
-11
Let p(w) = -w**2 - w + 4. Give p(-5).
-16
Let j(v) = v**3 + 4*v**2 - 4*v + 3. Give j(-5).
-2
Let d(c) = -c + 6. Calculate d(0).
6
Let b(t) = -t**3 - 6*t**2 - 9*t + 2. Determine b(-4).
6
Let u(m) = m**3 - 22*m**2 - 24*m + 19. Calculate u(23).
-4
Let k(v) = -3*v - 24. Give k(-9).
3
Let q(p) = p**3 + 8*p**2 + 3*p + 2. Calculate q(-8).
-22
Let y(x) = -17*x - 20. Determine y(-2).
14
Let f(z) = 14*z + 22. Give f(-8).
-90
Let h(k) = -k**3 - 11*k**2 - 1. What is h(-11)?
-1
Let z(d) = d**2 - 3*d - 16. What is z(-3)?
2
Let h(q) = 5*q**3 + q**2 - 2*q + 2. What is h(1)?
6
Let g(t) = t**2 + 22*t + 40. Determine g(-20).
0
Let z(i) = 2*i**2 + 5*i - 18. What is z(2)?
0
Let f(c) = c**3 + 10*c**2 + 5*c - 27. Give f(-9).
9
Let a(j) = 14*j**2 - 5*j - 4. Determine a(-1).
15
Let a(v) = v**3 + 12*v**2 + 11*v + 20. Determine a(-11).
20
Let m(h) = -2*h + 11. Calculate m(9).
-7
Let p(o) = -2*o + 9. What is p(8)?
-7
Let o(d) = 89*d + 795. What is o(-9)?
-6
Let v(f) = f + 58. What is v(-53)?
5
Let m(x) = x**3 + 28*x**2 + 25*x - 54. Give m(-27).
0
Let k(o) = o - 24. What is k(30)?
6
Let b(n) = 2*n - 10. Determine b(6).
2
Let i(u) = -u**2 + 5*u + 8. Give i(6).
2
Let d(i) = -4*i + 123. Give d(32).
-5
Let j(r) = -r - 32. What is j(-14)?
-18
Let m(u) = -30*u - 1. What is m(-1)?
29
Let a(n) = -n**3 + 9*n**2 + n - 9. Give a(8).
63
Let r(b) = 57*b + 341. Calculate r(-6).
-1
Let k(m) = -198*m**2 - m - 3. Determine k(-1).
-200
Let b(i) = -i**2 + 3*i - 2. Determine b(9).
-56
Let c(p) = 5*p + 15. Determine c(-6).
-15
Let s(d) = d**3 + 8*d**2 + 11*d - 8. What is s(-3)?
4
Let j(h) = 6*h + 52. Calculate j(-2).
40
Let b(p) = 2*p**3 - 9*p**2 - 12*p + 31. What is b(5)?
-4
Let v(t) = -t**2 + t + 20. Give v(-5).
-10
Let h(x) = x**3 - 12*x**2 - 18*x + 43. What is h(13)?
-22
Let q(p) = -5*p**2 + 2*p - 1. What is q(-4)?
-89
Let u(a) = -3*a**2 - a + 4. Calculate u(3).
-26
Let y(r) = 12*r**2 + 6*r - 4. Calculate y(2).
56
Let r(w) = 175*w**2 + 4*w - 4. Calculate r(1).
175
Let f(g) = -5*g + 29. Determine f(9).
-16
Let j(t) = -2*t + 6. Determine j(13).
-20
Let m(v) = -v + 8. Give m(-9).
17
Let o(h) = h + 41. Give o(-9).
32
Let x(m) = 3*m**3 + m - 2. Calculate x(2).
24
Let i(u) = -u**3 - 3*u**2 + 2*u - 7. Determine i(-4).
1
Let g(x) = -2*x**3 + x**2 - 6*x. Determine g(3).
-63
Let k(n) = -8*n - 94. Determine k(-12).
2
Let i(j) = -j**3 - 13*j**2 + 13*j + 11. Give i(-14).
25
Let j(l) = -l**3 + 29*l**2 - 5*l - 11. Give j(29).
-156
Let c(x) = 2*x**3 - 6*x**2 + 2. Give c(4).
34
Let m(p) = -3*p - 58. What is m(-13)?
-19
Let l(i) = 14*i - 4. What is l(6)?
80
Let i(m) = -m**3 + 11*m**2 - 11*m + 14. What is i(10)?
4
Let y(o) = -2*o**2 - 18*o + 44. What is y(2)?
0
Let q(c) = -11*c**2 - 2. What is q(-1)?
-13
Let r(j) = -19*j**2 - j - 1. Calculate r(-1).
-19
Let o(i) = -i**3 - 3*i**2 + i + 2. What is o(-3)?
-1
Let q(a) = 2*a**2 + 6*a + 7. Determine q(-4).
15
Let o(q) = -q - 11. Give o(0).
-11
Let x(o) = 12*o + 119. Give x(-10).
-1
Let c(t) = -4*t - 10. What is c(-19)?
66
Let g(s) = s**3 + 14*s**2 + 8*s - 13. Give g(-13).
52
Let d(m) = -4*